{"id":237,"date":"2023-06-09T22:27:16","date_gmt":"2023-06-10T01:27:16","guid":{"rendered":"https:\/\/tedxnecochea.com\/?page_id=237"},"modified":"2026-01-13T16:38:16","modified_gmt":"2026-01-13T19:38:16","slug":"organizadores","status":"publish","type":"page","link":"https:\/\/tedxnecochea.com\/index.php\/organizadores\/","title":{"rendered":"Organizadores"},"content":{"rendered":"\t\t<div data-elementor-type=\"wp-page\" data-elementor-id=\"237\" class=\"elementor elementor-237\">\n\t\t\t\t\t\t<section class=\"elementor-section elementor-top-section elementor-element elementor-element-db7f5e4 elementor-section-boxed elementor-section-height-default elementor-section-height-default\" data-id=\"db7f5e4\" data-element_type=\"section\" data-settings=\"{&quot;background_background&quot;:&quot;classic&quot;}\">\n\t\t\t\t\t\t<div class=\"elementor-container elementor-column-gap-default\">\n\t\t\t\t\t<div class=\"elementor-column elementor-col-25 elementor-top-column elementor-element elementor-element-8c93173\" data-id=\"8c93173\" data-element_type=\"column\">\n\t\t\t<div class=\"elementor-widget-wrap elementor-element-populated\">\n\t\t\t\t\t\t<div class=\"elementor-element elementor-element-2b0b872 elementor-position-top elementor-widget elementor-widget-image-box\" data-id=\"2b0b872\" data-element_type=\"widget\" data-widget_type=\"image-box.default\">\n\t\t\t\t<div class=\"elementor-widget-container\">\n\t\t\t<style>\/*! elementor - v3.23.0 - 05-08-2024 *\/\n.elementor-widget-image-box .elementor-image-box-content{width:100%}@media (min-width:768px){.elementor-widget-image-box.elementor-position-left .elementor-image-box-wrapper,.elementor-widget-image-box.elementor-position-right .elementor-image-box-wrapper{display:flex}.elementor-widget-image-box.elementor-position-right .elementor-image-box-wrapper{text-align:end;flex-direction:row-reverse}.elementor-widget-image-box.elementor-position-left .elementor-image-box-wrapper{text-align:start;flex-direction:row}.elementor-widget-image-box.elementor-position-top .elementor-image-box-img{margin:auto}.elementor-widget-image-box.elementor-vertical-align-top .elementor-image-box-wrapper{align-items:flex-start}.elementor-widget-image-box.elementor-vertical-align-middle .elementor-image-box-wrapper{align-items:center}.elementor-widget-image-box.elementor-vertical-align-bottom .elementor-image-box-wrapper{align-items:flex-end}}@media (max-width:767px){.elementor-widget-image-box .elementor-image-box-img{margin-left:auto!important;margin-right:auto!important;margin-bottom:15px}}.elementor-widget-image-box .elementor-image-box-img{display:inline-block}.elementor-widget-image-box .elementor-image-box-title a{color:inherit}.elementor-widget-image-box .elementor-image-box-wrapper{text-align:center}.elementor-widget-image-box .elementor-image-box-description{margin:0}<\/style><div class=\"elementor-image-box-wrapper\"><figure class=\"elementor-image-box-img\"><img fetchpriority=\"high\" decoding=\"async\" width=\"450\" height=\"450\" src=\"https:\/\/tedxnecochea.com\/wp-content\/uploads\/2023\/06\/mario-450-2.png\" class=\"attachment-full size-full wp-image-391\" alt=\"\" srcset=\"https:\/\/tedxnecochea.com\/wp-content\/uploads\/2023\/06\/mario-450-2.png 450w, https:\/\/tedxnecochea.com\/wp-content\/uploads\/2023\/06\/mario-450-2-300x300.png 300w, https:\/\/tedxnecochea.com\/wp-content\/uploads\/2023\/06\/mario-450-2-150x150.png 150w\" sizes=\"(max-width: 450px) 100vw, 450px\" \/><\/figure><div class=\"elementor-image-box-content\"><h3 class=\"elementor-image-box-title\">Mario Goicoechea <\/h3><p class=\"elementor-image-box-description\">Ingeniero El\u00e9ctrico,  con un Magister en Gesti\u00f3n Portuaria realizado en Espa\u00f1a y USA adem\u00e1s de un MBA (en Argentina). Veterano de Guerra de Malvinas, convencido que la actitud, la pasi\u00f3n y el sacrificio son las claves del \u00e9xito.<\/p><\/div><\/div>\t\t<\/div>\n\t\t\t\t<\/div>\n\t\t\t\t\t<\/div>\n\t\t<\/div>\n\t\t\t\t<div class=\"elementor-column elementor-col-25 elementor-top-column elementor-element elementor-element-0e8c3f4\" data-id=\"0e8c3f4\" data-element_type=\"column\">\n\t\t\t<div class=\"elementor-widget-wrap elementor-element-populated\">\n\t\t\t\t\t\t<div class=\"elementor-element elementor-element-92f50a6 elementor-position-top elementor-widget elementor-widget-image-box\" data-id=\"92f50a6\" data-element_type=\"widget\" data-widget_type=\"image-box.default\">\n\t\t\t\t<div class=\"elementor-widget-container\">\n\t\t\t<div class=\"elementor-image-box-wrapper\"><figure class=\"elementor-image-box-img\"><img decoding=\"async\" width=\"450\" height=\"450\" src=\"https:\/\/tedxnecochea.com\/wp-content\/uploads\/2023\/06\/antonella-450.jpg\" class=\"attachment-full size-full wp-image-385\" alt=\"\" srcset=\"https:\/\/tedxnecochea.com\/wp-content\/uploads\/2023\/06\/antonella-450.jpg 450w, https:\/\/tedxnecochea.com\/wp-content\/uploads\/2023\/06\/antonella-450-300x300.jpg 300w, https:\/\/tedxnecochea.com\/wp-content\/uploads\/2023\/06\/antonella-450-150x150.jpg 150w\" sizes=\"(max-width: 450px) 100vw, 450px\" \/><\/figure><div class=\"elementor-image-box-content\"><h3 class=\"elementor-image-box-title\">Antonela Giglio<\/h3><p class=\"elementor-image-box-description\">Viajera apasionada. Licenciada en Relaciones internacionales, Posgrado en Gesti\u00f3n de Ciencia, Tecnolog\u00eda e Innovaci\u00f3n. Le encanta el yoga, ama leer, las pel\u00edculas de ciencia ficci\u00f3n y a su familia m\u00e1s que a nada. Siempre buscando, siempre aprendiendo.<\/p><\/div><\/div>\t\t<\/div>\n\t\t\t\t<\/div>\n\t\t\t\t\t<\/div>\n\t\t<\/div>\n\t\t\t\t<div class=\"elementor-column elementor-col-25 elementor-top-column elementor-element elementor-element-70418ff\" data-id=\"70418ff\" data-element_type=\"column\">\n\t\t\t<div class=\"elementor-widget-wrap elementor-element-populated\">\n\t\t\t\t\t\t<div class=\"elementor-element elementor-element-41b5246 elementor-position-top elementor-widget elementor-widget-image-box\" data-id=\"41b5246\" data-element_type=\"widget\" data-widget_type=\"image-box.default\">\n\t\t\t\t<div class=\"elementor-widget-container\">\n\t\t\t<div class=\"elementor-image-box-wrapper\"><figure class=\"elementor-image-box-img\"><img decoding=\"async\" width=\"1600\" height=\"1600\" src=\"https:\/\/tedxnecochea.com\/wp-content\/uploads\/2025\/12\/eze-primer-plano.jpeg\" class=\"attachment-full size-full wp-image-1392\" alt=\"\" srcset=\"https:\/\/tedxnecochea.com\/wp-content\/uploads\/2025\/12\/eze-primer-plano.jpeg 1600w, https:\/\/tedxnecochea.com\/wp-content\/uploads\/2025\/12\/eze-primer-plano-300x300.jpeg 300w, https:\/\/tedxnecochea.com\/wp-content\/uploads\/2025\/12\/eze-primer-plano-1024x1024.jpeg 1024w, https:\/\/tedxnecochea.com\/wp-content\/uploads\/2025\/12\/eze-primer-plano-150x150.jpeg 150w, https:\/\/tedxnecochea.com\/wp-content\/uploads\/2025\/12\/eze-primer-plano-768x768.jpeg 768w, https:\/\/tedxnecochea.com\/wp-content\/uploads\/2025\/12\/eze-primer-plano-1536x1536.jpeg 1536w\" sizes=\"(max-width: 1600px) 100vw, 1600px\" \/><\/figure><div class=\"elementor-image-box-content\"><h3 class=\"elementor-image-box-title\">Ezequiel Herrada<\/h3><p class=\"elementor-image-box-description\">Dise\u00f1ador.  <br>\nConsultor y asesor gr\u00e1fico.<br>\nGestor cultural y fundador de <br>CMYK l\u00e1ser. <br>\nProactivo, lector, deportista amateur y padre de una\u00a0gran\u00a0familia.<\/p><\/div><\/div>\t\t<\/div>\n\t\t\t\t<\/div>\n\t\t\t\t\t<\/div>\n\t\t<\/div>\n\t\t\t\t<div class=\"elementor-column elementor-col-25 elementor-top-column elementor-element elementor-element-e1b57ba\" data-id=\"e1b57ba\" data-element_type=\"column\">\n\t\t\t<div class=\"elementor-widget-wrap elementor-element-populated\">\n\t\t\t\t\t\t<div class=\"elementor-element elementor-element-310e572 elementor-position-top elementor-widget elementor-widget-image-box\" data-id=\"310e572\" data-element_type=\"widget\" data-widget_type=\"image-box.default\">\n\t\t\t\t<div class=\"elementor-widget-container\">\n\t\t\t<div class=\"elementor-image-box-wrapper\"><figure class=\"elementor-image-box-img\"><img loading=\"lazy\" decoding=\"async\" width=\"451\" height=\"451\" src=\"https:\/\/tedxnecochea.com\/wp-content\/uploads\/2024\/05\/luciana.jpg\" class=\"attachment-full size-full wp-image-1157\" alt=\"\" srcset=\"https:\/\/tedxnecochea.com\/wp-content\/uploads\/2024\/05\/luciana.jpg 451w, https:\/\/tedxnecochea.com\/wp-content\/uploads\/2024\/05\/luciana-300x300.jpg 300w, https:\/\/tedxnecochea.com\/wp-content\/uploads\/2024\/05\/luciana-150x150.jpg 150w\" sizes=\"(max-width: 451px) 100vw, 451px\" \/><\/figure><div class=\"elementor-image-box-content\"><h3 class=\"elementor-image-box-title\">Luciana Berutti<\/h3><p class=\"elementor-image-box-description\">Productora de radio y contenidos.  <br>\nY tambi\u00e9n project manager, profesora de yoga y tea designer. <br>\nDisfruta de la m\u00fasica, el canto, y\u00a0la\u00a0naturaleza.<\/p><\/div><\/div>\t\t<\/div>\n\t\t\t\t<\/div>\n\t\t\t\t\t<\/div>\n\t\t<\/div>\n\t\t\t\t\t<\/div>\n\t\t<\/section>\n\t\t\t\t<section class=\"elementor-section elementor-top-section elementor-element elementor-element-8733e83 elementor-section-boxed elementor-section-height-default elementor-section-height-default\" data-id=\"8733e83\" data-element_type=\"section\" data-settings=\"{&quot;background_background&quot;:&quot;classic&quot;}\">\n\t\t\t\t\t\t<div class=\"elementor-container elementor-column-gap-default\">\n\t\t\t\t\t<div class=\"elementor-column elementor-col-25 elementor-top-column elementor-element elementor-element-8a89ea5\" data-id=\"8a89ea5\" data-element_type=\"column\">\n\t\t\t<div class=\"elementor-widget-wrap elementor-element-populated\">\n\t\t\t\t\t\t<div class=\"elementor-element elementor-element-0505921 elementor-widget__width-initial elementor-hidden-desktop elementor-hidden-tablet elementor-hidden-mobile elementor-position-top elementor-widget elementor-widget-image-box\" data-id=\"0505921\" data-element_type=\"widget\" data-widget_type=\"image-box.default\">\n\t\t\t\t<div class=\"elementor-widget-container\">\n\t\t\t<div class=\"elementor-image-box-wrapper\"><figure class=\"elementor-image-box-img\"><img loading=\"lazy\" decoding=\"async\" width=\"1080\" height=\"1080\" src=\"https:\/\/tedxnecochea.com\/wp-content\/uploads\/2025\/12\/estefania-orcellet.png\" class=\"attachment-full size-full wp-image-1365\" alt=\"\" srcset=\"https:\/\/tedxnecochea.com\/wp-content\/uploads\/2025\/12\/estefania-orcellet.png 1080w, https:\/\/tedxnecochea.com\/wp-content\/uploads\/2025\/12\/estefania-orcellet-300x300.png 300w, https:\/\/tedxnecochea.com\/wp-content\/uploads\/2025\/12\/estefania-orcellet-1024x1024.png 1024w, https:\/\/tedxnecochea.com\/wp-content\/uploads\/2025\/12\/estefania-orcellet-150x150.png 150w, https:\/\/tedxnecochea.com\/wp-content\/uploads\/2025\/12\/estefania-orcellet-768x768.png 768w\" sizes=\"(max-width: 1080px) 100vw, 1080px\" \/><\/figure><div class=\"elementor-image-box-content\"><h3 class=\"elementor-image-box-title\">Estefania Orcellet<\/h3><p class=\"elementor-image-box-description\">Dise\u00f1adora gr\u00e1fica y especialista en creaci\u00f3n de contenidos en ciencia y tecnolog\u00eda. Apasionada por la fotograf\u00eda, el cine y la m\u00fasica. Entusiasta, amiga y curiosa, siempre en busca de nuevas experiencias que impulsen su crecimiento humano y profesional.<\/p><\/div><\/div>\t\t<\/div>\n\t\t\t\t<\/div>\n\t\t\t\t\t<\/div>\n\t\t<\/div>\n\t\t\t\t<div class=\"elementor-column elementor-col-25 elementor-top-column elementor-element elementor-element-6ed9cd9\" data-id=\"6ed9cd9\" data-element_type=\"column\">\n\t\t\t<div class=\"elementor-widget-wrap elementor-element-populated\">\n\t\t\t\t\t\t<div class=\"elementor-element elementor-element-d2c2600 elementor-position-top elementor-widget elementor-widget-image-box\" data-id=\"d2c2600\" data-element_type=\"widget\" data-widget_type=\"image-box.default\">\n\t\t\t\t<div class=\"elementor-widget-container\">\n\t\t\t<div class=\"elementor-image-box-wrapper\"><figure class=\"elementor-image-box-img\"><img loading=\"lazy\" decoding=\"async\" width=\"1080\" height=\"1080\" src=\"https:\/\/tedxnecochea.com\/wp-content\/uploads\/2025\/12\/estefania-orcellet.png\" class=\"attachment-full size-full wp-image-1365\" alt=\"\" srcset=\"https:\/\/tedxnecochea.com\/wp-content\/uploads\/2025\/12\/estefania-orcellet.png 1080w, https:\/\/tedxnecochea.com\/wp-content\/uploads\/2025\/12\/estefania-orcellet-300x300.png 300w, https:\/\/tedxnecochea.com\/wp-content\/uploads\/2025\/12\/estefania-orcellet-1024x1024.png 1024w, https:\/\/tedxnecochea.com\/wp-content\/uploads\/2025\/12\/estefania-orcellet-150x150.png 150w, https:\/\/tedxnecochea.com\/wp-content\/uploads\/2025\/12\/estefania-orcellet-768x768.png 768w\" sizes=\"(max-width: 1080px) 100vw, 1080px\" \/><\/figure><div class=\"elementor-image-box-content\"><h3 class=\"elementor-image-box-title\">Estefania Orcellet<\/h3><p class=\"elementor-image-box-description\">Dise\u00f1adora gr\u00e1fica y especialista en creaci\u00f3n de contenidos en ciencia y tecnolog\u00eda. Apasionada por la fotograf\u00eda, el cine y la m\u00fasica. Entusiasta, amiga y curiosa, siempre en busca de nuevas experiencias que impulsen su crecimiento humano y profesional.<\/p><\/div><\/div>\t\t<\/div>\n\t\t\t\t<\/div>\n\t\t\t\t\t<\/div>\n\t\t<\/div>\n\t\t\t\t<div class=\"elementor-column elementor-col-25 elementor-top-column elementor-element elementor-element-3a1f512\" data-id=\"3a1f512\" data-element_type=\"column\">\n\t\t\t<div class=\"elementor-widget-wrap elementor-element-populated\">\n\t\t\t\t\t\t<div class=\"elementor-element elementor-element-d32afc3 elementor-position-top elementor-widget elementor-widget-image-box\" data-id=\"d32afc3\" data-element_type=\"widget\" data-widget_type=\"image-box.default\">\n\t\t\t\t<div class=\"elementor-widget-container\">\n\t\t\t<div class=\"elementor-image-box-wrapper\"><figure class=\"elementor-image-box-img\"><img loading=\"lazy\" decoding=\"async\" width=\"450\" height=\"450\" src=\"https:\/\/tedxnecochea.com\/wp-content\/uploads\/2026\/01\/leo-blanco-y-negro.jpg\" class=\"attachment-full size-full wp-image-1534\" alt=\"\" srcset=\"https:\/\/tedxnecochea.com\/wp-content\/uploads\/2026\/01\/leo-blanco-y-negro.jpg 450w, https:\/\/tedxnecochea.com\/wp-content\/uploads\/2026\/01\/leo-blanco-y-negro-300x300.jpg 300w, https:\/\/tedxnecochea.com\/wp-content\/uploads\/2026\/01\/leo-blanco-y-negro-150x150.jpg 150w\" sizes=\"(max-width: 450px) 100vw, 450px\" \/><\/figure><div class=\"elementor-image-box-content\"><h3 class=\"elementor-image-box-title\">Leonardo Al\u00edas<\/h3><p class=\"elementor-image-box-description\">Lic. en Comercio Internacional, consultor en logistica, project manager y dise\u00f1ador web. Apasionado por conectar personas, procesos y tecnolog\u00eda. Curioso y comprometido. Fan\u00e1tico de la ciencia ficci\u00f3n y la navegaci\u00f3n.<\/p><\/div><\/div>\t\t<\/div>\n\t\t\t\t<\/div>\n\t\t\t\t\t<\/div>\n\t\t<\/div>\n\t\t\t\t<div class=\"elementor-column elementor-col-25 elementor-top-column elementor-element elementor-element-a312aae elementor-hidden-desktop elementor-hidden-tablet elementor-hidden-mobile\" data-id=\"a312aae\" data-element_type=\"column\">\n\t\t\t<div class=\"elementor-widget-wrap elementor-element-populated\">\n\t\t\t\t\t\t<div class=\"elementor-element elementor-element-442aefa elementor-position-top elementor-widget elementor-widget-image-box\" data-id=\"442aefa\" data-element_type=\"widget\" data-widget_type=\"image-box.default\">\n\t\t\t\t<div class=\"elementor-widget-container\">\n\t\t\t<div class=\"elementor-image-box-wrapper\"><figure class=\"elementor-image-box-img\"><img loading=\"lazy\" decoding=\"async\" width=\"450\" height=\"450\" src=\"https:\/\/tedxnecochea.com\/wp-content\/uploads\/2023\/06\/mara-450.png\" class=\"attachment-full size-full wp-image-381\" alt=\"\" srcset=\"https:\/\/tedxnecochea.com\/wp-content\/uploads\/2023\/06\/mara-450.png 450w, https:\/\/tedxnecochea.com\/wp-content\/uploads\/2023\/06\/mara-450-300x300.png 300w, https:\/\/tedxnecochea.com\/wp-content\/uploads\/2023\/06\/mara-450-150x150.png 150w\" sizes=\"(max-width: 450px) 100vw, 450px\" \/><\/figure><div class=\"elementor-image-box-content\"><h3 class=\"elementor-image-box-title\">Mar\u00eda Eugen\u00eda Ru\u00edz<\/h3><p class=\"elementor-image-box-description\">Creadora de proyectos y sue\u00f1os que se hacen realidad. Abogada, Mediadora y Coach. Fundadora de R&R Consulting Services, consultora dedicada a brindar soluciones a las empresas a partir de un enfoque interdisciplinario. <\/p><\/div><\/div>\t\t<\/div>\n\t\t\t\t<\/div>\n\t\t\t\t\t<\/div>\n\t\t<\/div>\n\t\t\t\t\t<\/div>\n\t\t<\/section>\n\t\t\t\t<\/div>\n\t\t","protected":false},"excerpt":{"rendered":"<p>Mario Goicoechea Ingeniero El\u00e9ctrico, con un Magister en Gesti\u00f3n Portuaria realizado en Espa\u00f1a y USA adem\u00e1s de un MBA (en Argentina). Veterano de Guerra de Malvinas, convencido que la actitud, la pasi\u00f3n y el sacrificio son las claves del \u00e9xito. Antonela Giglio Viajera apasionada. Licenciada en Relaciones internacionales, Posgrado en Gesti\u00f3n de Ciencia, Tecnolog\u00eda e [&hellip;]<\/p>\n","protected":false},"author":1,"featured_media":0,"parent":0,"menu_order":0,"comment_status":"closed","ping_status":"closed","template":"elementor_canvas","meta":{"om_disable_all_campaigns":false,"_monsterinsights_skip_tracking":false,"_monsterinsights_sitenote_active":false,"_monsterinsights_sitenote_note":"","_monsterinsights_sitenote_category":0},"aioseo_notices":[],"_links":{"self":[{"href":"https:\/\/tedxnecochea.com\/index.php\/wp-json\/wp\/v2\/pages\/237"}],"collection":[{"href":"https:\/\/tedxnecochea.com\/index.php\/wp-json\/wp\/v2\/pages"}],"about":[{"href":"https:\/\/tedxnecochea.com\/index.php\/wp-json\/wp\/v2\/types\/page"}],"author":[{"embeddable":true,"href":"https:\/\/tedxnecochea.com\/index.php\/wp-json\/wp\/v2\/users\/1"}],"replies":[{"embeddable":true,"href":"https:\/\/tedxnecochea.com\/index.php\/wp-json\/wp\/v2\/comments?post=237"}],"version-history":[{"count":91,"href":"https:\/\/tedxnecochea.com\/index.php\/wp-json\/wp\/v2\/pages\/237\/revisions"}],"predecessor-version":[{"id":1546,"href":"https:\/\/tedxnecochea.com\/index.php\/wp-json\/wp\/v2\/pages\/237\/revisions\/1546"}],"wp:attachment":[{"href":"https:\/\/tedxnecochea.com\/index.php\/wp-json\/wp\/v2\/media?parent=237"}],"curies":[{"name":"wp","href":"https:\/\/api.w.org\/{rel}","templated":true}]}}